)/(-63)*5/((-20)/(-258)). Suppose 9*t = 4*t + 3*b + m, -t + 2*b + 20 = 0. Calculate the remainder when t is divided by p.
4
Calculate the remainder when 738 is divided by (-28 - 1482/(-52))*212/2.
49
Let f(u) = u**2 - 61*u - 483. Calculate the remainder when f(95) is divided by 50.
47
Suppose -b + 44*s - 48*s = -724, -4*b + 2986 = s. What is the remainder when b is divided by 185?
8
Suppose -96*v + 1186 = 130. What is the remainder when 4443 is divided by v?
10
Let r(v) = 14*v + 49. What is the remainder when 510 is divided by r(-3)?
6
Suppose -z + 73 = 3*s, 176 = 3*z - s - 43. Let m = -25 + z. What is the remainder when m is divided by 17?
14
Suppose -15*t + 1262 + 10915 = 12*t. What is the remainder when t is divided by 114?
109
Suppose 179 = 7*c + 39. Let a be (4/3)/(c/1710). Suppose 8*x = 2*x + a. Calculate the remainder when 74 is divided by x.
17
Let j = -1799 + 1830. Calculate the remainder when 37 is divided by j.
6
Let g(r) = r**2 - r - 10. Let b be g(-3). Let k(o) = -2*o**2 - 3*o + 4*o**b + 16*o**3 + 2 + 5*o**3 - 6*o**3. Calculate the remainder when 46 is divided by k(1).
14
Suppose -21418 = 7*t - 23*t - 8474. Calculate the remainder when t is divided by 163.
157
Let z be 1/1*(269 + 0 + 1). What is the remainder when (-1)/2*296/(-4) is divided by (-24)/(-84) - z/(-35)?
5
Let o(f) = 9*f**3 - 3*f**2 + f + 2. Let q(a) = -28*a + 169. Let h be q(6). What is the remainder when 33 is divided by o(h)?
6
Let x = 60 - 39. Let n = -81 - -157. Suppose 5*k - n = -2*q - 25, k - 5*q = 21. Calculate the remainder when x is divided by k.
10
Suppose 10*r - 628 + 548 = 0. Suppose 26 - 66 = -r*c. Calculate the remainder when 7 is divided by c.
2
Let w = -2286 + 2375. What is the remainder when 345 is divided by w?
78
Suppose -k + 8 = 3*v - 5, 2*k = v + 5. Suppose k*t + 0 = 104. Suppose -10*j + 14 + t = 0. Calculate the remainder when 15 is divided by j.
3
What is the remainder when 7 + -3 + 4409 + (-19 - -10) is divided by 13?
10
Calculate the remainder when 803 is divided by ((-534)/(-4))/(-6 - 104/(-16)).
2
Let d = 1574 - 1042. Calculate the remainder when d is divided by 107.
104
Suppose -f + 62 = -0*j + 5*j, f - 49 = -4*j. Suppose -d + 3*m - 8*m = -21, 0 = 5*d + 3*m - 171. Calculate the remainder when d is divided by j.
10
Suppose 4*i + 81 = 2*f + 11, -5*i = -3*f + 106. Let x = 418 + -288. What is the remainder when x is divided by f?
19
Suppose 0 = -59*h + 83*h + 70*h - 94. Calculate the remainder when 3 - ((-7 - -6) + 5*-3) is divided by h.
0
Let v = -245 - -300. Let f be 3 + 11 + (-2)/(-2). Let p = f + v. Calculate the remainder when p is divided by 18.
16
Suppose 0 = 5*x + 16*r - 17*r - 354, 0 = 2*x + 5*r - 147. Calculate the remainder when x is divided by 16.
7
Let a = -307 - -1839. What is the remainder when a is divided by 57?
50
Let g(f) = -10*f + 26. Let i be g(2). Suppose i*h = 152 + 268. Suppose u = 20 - 2. What is the remainder when h is divided by u?
16
Let y be -1 - (-2 + (-16 - -1)). Suppose -i = 3*i - u + 3, 0 = 3*i + 2*u + y. Calculate the remainder when 28 is divided by 1/i*2*4*-4.
12
Let z be (-4480)/32*16/(-5). Suppose -z = -0*a - 8*a. Calculate the remainder when a is divided by 9.
2
Suppose -630 + 320 = -10*z. Calculate the remainder when 1111 is divided by z.
26
Suppose 41 = 3*u - 127. Suppose 478*t + 377*t = 22230. Calculate the remainder when u is divided by t.
4
Suppose -1269*s = -1245*s - 288. What is the remainder when 237 is divided by s?
9
Suppose -4*i = -50*z + 45*z + 1039, -4*i = -16. What is the remainder when z is divided by 139?
72
Suppose 55*w = 100*w - 5310. Calculate the remainder when w is divided by 31.
25
Suppose 2*r - 15 = 17. Let n(a) = -43*a**3 + 3*a**2 + 16*a + 15. Calculate the remainder when n(-1) is divided by r.
13
Let j = 14 + -34. Let i = j + 20. Suppose 2*g = -i*g + 94. What is the remainder when g is divided by 16?
15
Suppose -21215*l + 21205*l = -260. Calculate the remainder when 87 is divided by l.
9
Suppose -1659*x = -1638*x - 273. Let r(y) = 7*y - 9. Calculate the remainder when r(6) is divided by x.
7
Let x(p) = 2*p**3 + 15*p**2 - 5*p + 50. What is the remainder when ((-40)/(-7))/((-1)/(-7)) is divided by x(-8)?
14
Let w(q) = -2*q + 3. Let b be 2/4*6/1. What is the remainder when b*(-2)/(24/(-68)) is divided by w(-1)?
2
Calculate the remainder when ((-81)/2 + 1)*590/(-295) is divided by 37.
5
Let k(i) = i**3 - 111*i**2 + 728*i + 142. Calculate the remainder when 199 is divided by k(104).
57
Suppose -27*n - 23*n + 13*n + 46287 = 0. What is the remainder when n is divided by 36?
27
Suppose 67*k - 64*k = 705. Let s = -186 + k. Let n = -20 - -37. What is the remainder when s is divided by n?
15
Let i(t) = 17*t + 10. Suppose 5*p - 4 = 7*p + 3*g, 0 = -2*p - 2*g. Suppose 6*h = 4*h + 44. What is the remainder when i(p) is divided by h?
12
Suppose -11*h = -9*h + 1312. Let x = -611 - h. Calculate the remainder when 178 is divided by x.
43
Let g(z) = 3*z**3 - 27*z**2 - 5*z - 2. Let w be g(12). Let f = -958 + w. What is the remainder when f is divided by 96?
84
Suppose 12988 - 3058 = 30*f. What is the remainder when f is divided by 44?
23
Suppose -4*w = 4*y - 624, 0 = y - w - 3*w - 141. Let z = 909 + -870. Calculate the remainder when y is divided by z.
36
Let w(j) = -j**2 - 22*j - 50. What is the remainder when 7242/48 + 1/8 is divided by w(-18)?
19
Let o = -2932 - -2979. What is the remainder when 562 is divided by o?
45
Let t = -48 + 42. Calculate the remainder when t + 5 - -6 - -234 is divided by 81.
77
Let p(v) = 148*v**2 - 42*v + 45. Calculate the remainder when p(1) is divided by 108.
43
Let t = 4342 - 4315. Let p be (-56)/(-26) + (-14)/91. Suppose -q = -4, p*s + 0*q + 2*q = 162. What is the remainder when s is divided by t?
23
Let n = -4831 + 4887. What is the remainder when 159 is divided by n?
47
Suppose 5*w + 8 = 5*n + 4*w, 2*n + w + 1 = 0. Let i(k) = 2*k**2 + 79*k - 111. Calculate the remainder when n/2 + 90/4 is divided by i(-41).
11
Suppose -644 = -2*s - 2*s. Let f = -102 + s. What is the remainder when f is divided by 95/3 - (-10)/(-15)?
28
Let i(f) = 112*f**2 + 77*f - 149. What is the remainder when i(2) is divided by 8?
5
Let u(o) = -43*o**3 - 7*o**2 + 3*o - 1. Let t(g) = -5*g - 15. Calculate the remainder when u(-2) is divided by t(-5).
9
Suppose -88*s + 288 = -21008. Suppose 2*g - 3 - 119 = 0. Calculate the remainder when s is divided by g.
59
Suppose 4*n + 5*m - 452 = 0, 17*m - 19*m = 3*n - 346. What is the remainder when 4717 is divided by n?
115
Suppose -5*y = -5*q - 25, 2*y + 2*q - 1 = 5. Suppose a + 162 = 4*a - 2*u, -y*u = 2*a - 124. Suppose -5 + 17 = k. What is the remainder when a is divided by k?
8
Suppose -4*k + 2*k = -252. Suppose 104 = 10*q - k. What is the remainder when 202 is divided by q?
18
Suppose -5*p + 15281 = -4*n - 348, 0 = n - 9. Calculate the remainder when p is divided by 11.
9
Suppose -4*d = -c - 244, 0 = 3*d - 31*c + 30*c - 183. Calculate the remainder when 3268/28 - (-1)/((-7)/(-2)) is divided by d.
56
Calculate the remainder when (126/(-5))/(-5*36/450*1) is divided by (-2 + -34)*(-6)/9.
15
Suppose -4*c + 0*c + 1261 = 9*c. Calculate the remainder when c is divided by 17.
12
Let h(x) = -7*x - 2. Let f(g) be the second derivative of -g**5/20 - 2*g**4/3 - g**2 - 24*g. Let c be f(-8). What is the remainder when 34 is divided by h(c)?
10
Let n = -89 + 86. Calculate the remainder when (1 - n)*7866/152 is divided by 26.
25
Let s(i) = -1436*i - 9786. Calculate the remainder when s(-7) is divided by 43.
8
Suppose -270 = -4*v + 1034. Suppose 0 = 5*w - 25, 5*w + v + 594 = 5*h. Suppose k + 6*k = h. Calculate the remainder when k is divided by 15.
12
Suppose 5*c - 4*i - 12 = 24, 0 = -5*c - i + 16. Suppose -c*z + 43*u + 134 = 38*u, u - 153 = -5*z. Calculate the remainder when z is divided by 28.
3
What is the remainder when ((-115)/(-230))/(1/1482) is divided by 124?
121
Let b(r) = -r**3 - 7*r**2 + 2*r + 7. Let l(y) = -y**2 + 11*y + 10. Let a be l(13). Let g = a + 44. What is the remainder when b(-8) is divided by g?
27
Let u be ((-56)/(-12) + -2)*-3. Let p(k) = -k**3 - 7*k**2 + 2*k - 1. Suppose -312 = 4*z - 17*z. What is the remainder when p(u) is divided by z?
23
Let h(a) = a**3 - 23*a**2 + 52*a - 23. Let w(l) = 24*l - 3 + 0 + 2. Calculate the remainder when h(21) i